{"id":819,"date":"2017-07-19T15:11:10","date_gmt":"2017-07-19T15:11:10","guid":{"rendered":"http:\/\/broise-art.fr\/journal\/?page_id=819"},"modified":"2023-02-03T17:14:36","modified_gmt":"2023-02-03T17:14:36","slug":"les-filles-de-loth","status":"publish","type":"page","link":"https:\/\/broise-art.fr\/journal\/enfers\/les-filles-de-loth\/","title":{"rendered":"Les filles de Loth"},"content":{"rendered":"\t\t<div data-elementor-type=\"wp-post\" data-elementor-id=\"819\" class=\"elementor elementor-819\" data-elementor-post-type=\"page\">\n\t\t\t\t\t\t<section class=\"elementor-section elementor-top-section elementor-element elementor-element-dhlmqlg elementor-section-full_width elementor-section-height-default elementor-section-height-default\" data-id=\"dhlmqlg\" data-element_type=\"section\">\n\t\t\t\t\t\t<div class=\"elementor-container elementor-column-gap-default\">\n\t\t\t\t\t<div class=\"elementor-column elementor-col-100 elementor-top-column elementor-element elementor-element-wn7d8wq\" data-id=\"wn7d8wq\" data-element_type=\"column\">\n\t\t\t<div class=\"elementor-widget-wrap elementor-element-populated\">\n\t\t\t\t\t\t<div class=\"elementor-element elementor-element-uqki3k4 elementor-widget elementor-widget-spacer\" data-id=\"uqki3k4\" data-element_type=\"widget\" data-widget_type=\"spacer.default\">\n\t\t\t\t<div class=\"elementor-widget-container\">\n\t\t\t\t\t\t\t<div class=\"elementor-spacer\">\n\t\t\t<div class=\"elementor-spacer-inner\"><\/div>\n\t\t<\/div>\n\t\t\t\t\t\t<\/div>\n\t\t\t\t<\/div>\n\t\t\t\t<div class=\"elementor-element elementor-element-kmk9iz8 elementor-position-top elementor-widget elementor-widget-image-box\" data-id=\"kmk9iz8\" data-element_type=\"widget\" data-widget_type=\"image-box.default\">\n\t\t\t\t<div class=\"elementor-widget-container\">\n\t\t\t\t\t<div class=\"elementor-image-box-wrapper\"><figure class=\"elementor-image-box-img\"><a href=\"https:\/\/broise-art.fr\/journal\/wp-content\/uploads\/2017\/07\/filles-de-Loth-2-sur-3.jpg\" target=\"_blank\" tabindex=\"-1\"><img fetchpriority=\"high\" decoding=\"async\" width=\"1000\" height=\"668\" src=\"https:\/\/broise-art.fr\/journal\/wp-content\/uploads\/2017\/07\/filles-de-Loth-2-sur-3.jpg\" class=\"attachment-full size-full wp-image-821\" alt=\"Les filles de Loth. Oeuvre originale\u00a0: tirage Fine Art de l&#039;artiste Christian Broise\" srcset=\"https:\/\/broise-art.fr\/journal\/wp-content\/uploads\/2017\/07\/filles-de-Loth-2-sur-3.jpg 1000w, https:\/\/broise-art.fr\/journal\/wp-content\/uploads\/2017\/07\/filles-de-Loth-2-sur-3-300x200.jpg 300w, https:\/\/broise-art.fr\/journal\/wp-content\/uploads\/2017\/07\/filles-de-Loth-2-sur-3-768x513.jpg 768w\" sizes=\"(max-width: 1000px) 100vw, 1000px\" \/><\/a><\/figure><div class=\"elementor-image-box-content\"><h3 class=\"elementor-image-box-title\"><a href=\"https:\/\/broise-art.fr\/journal\/wp-content\/uploads\/2017\/07\/filles-de-Loth-2-sur-3.jpg\" target=\"_blank\">Les filles de Loth 1<\/a><\/h3><p class=\"elementor-image-box-description\">Les filles de Loth, tirage pigmentaire<\/p><\/div><\/div>\t\t\t\t<\/div>\n\t\t\t\t<\/div>\n\t\t\t\t\t<\/div>\n\t\t<\/div>\n\t\t\t\t\t<\/div>\n\t\t<\/section>\n\t\t\t\t<section class=\"elementor-section elementor-top-section elementor-element elementor-element-edhkthf elementor-section-full_width elementor-section-height-default elementor-section-height-default\" data-id=\"edhkthf\" data-element_type=\"section\">\n\t\t\t\t\t\t<div class=\"elementor-container elementor-column-gap-default\">\n\t\t\t\t\t<div class=\"elementor-column elementor-col-100 elementor-top-column elementor-element elementor-element-jrmwuji\" data-id=\"jrmwuji\" data-element_type=\"column\">\n\t\t\t<div class=\"elementor-widget-wrap elementor-element-populated\">\n\t\t\t\t\t\t<div class=\"elementor-element elementor-element-mmmyjnc elementor-widget elementor-widget-text-editor\" data-id=\"mmmyjnc\" data-element_type=\"widget\" data-widget_type=\"text-editor.default\">\n\t\t\t\t<div class=\"elementor-widget-container\">\n\t\t\t\t\t\t\t\t\t<p>Il y a encore une id\u00e9e sur le Devenir que les divers d\u00e9tails du paysage et la fa\u00e7on dont ils sont peints, dont leurs plans s&rsquo;annihilent ou se recomposent, nous introduisent dans l&rsquo;esprit comme absolument une musique le ferait.<\/p><p>Antonin Artaud<\/p>\t\t\t\t\t\t\t\t<\/div>\n\t\t\t\t<\/div>\n\t\t\t\t<div class=\"elementor-element elementor-element-qfyrolz elementor-position-top elementor-widget elementor-widget-image-box\" data-id=\"qfyrolz\" data-element_type=\"widget\" data-widget_type=\"image-box.default\">\n\t\t\t\t<div class=\"elementor-widget-container\">\n\t\t\t\t\t<div class=\"elementor-image-box-wrapper\"><figure class=\"elementor-image-box-img\"><a href=\"https:\/\/broise-art.fr\/journal\/wp-content\/uploads\/2017\/03\/filles-de-Loth-2.jpg\" target=\"_blank\" tabindex=\"-1\"><img decoding=\"async\" width=\"668\" height=\"1000\" src=\"https:\/\/broise-art.fr\/journal\/wp-content\/uploads\/2017\/03\/filles-de-Loth-2.jpg\" class=\"attachment-full size-full wp-image-444\" alt=\"Les filles de Loth. Oeuvre originale\u00a0: tirage Fine Art de l&#039;artiste Christian Broise\" srcset=\"https:\/\/broise-art.fr\/journal\/wp-content\/uploads\/2017\/03\/filles-de-Loth-2.jpg 668w, https:\/\/broise-art.fr\/journal\/wp-content\/uploads\/2017\/03\/filles-de-Loth-2-200x300.jpg 200w, https:\/\/broise-art.fr\/journal\/wp-content\/uploads\/2017\/03\/filles-de-Loth-2-624x934.jpg 624w\" sizes=\"(max-width: 668px) 100vw, 668px\" \/><\/a><\/figure><div class=\"elementor-image-box-content\"><h3 class=\"elementor-image-box-title\"><a href=\"https:\/\/broise-art.fr\/journal\/wp-content\/uploads\/2017\/03\/filles-de-Loth-2.jpg\" target=\"_blank\">Les filles de Loth 2<\/a><\/h3><p class=\"elementor-image-box-description\">Impression pigmentaire<\/p><\/div><\/div>\t\t\t\t<\/div>\n\t\t\t\t<\/div>\n\t\t\t\t\t<\/div>\n\t\t<\/div>\n\t\t\t\t\t<\/div>\n\t\t<\/section>\n\t\t\t\t<section class=\"elementor-section elementor-top-section elementor-element elementor-element-cvgivnc elementor-section-full_width elementor-section-height-default elementor-section-height-default\" data-id=\"cvgivnc\" data-element_type=\"section\">\n\t\t\t\t\t\t<div class=\"elementor-container elementor-column-gap-default\">\n\t\t\t\t\t<div class=\"elementor-column elementor-col-100 elementor-top-column elementor-element elementor-element-xvufeob\" data-id=\"xvufeob\" data-element_type=\"column\">\n\t\t\t<div class=\"elementor-widget-wrap elementor-element-populated\">\n\t\t\t\t\t\t<div class=\"elementor-element elementor-element-ykoqsnn elementor-widget elementor-widget-spacer\" data-id=\"ykoqsnn\" data-element_type=\"widget\" data-widget_type=\"spacer.default\">\n\t\t\t\t<div class=\"elementor-widget-container\">\n\t\t\t\t\t\t\t<div class=\"elementor-spacer\">\n\t\t\t<div class=\"elementor-spacer-inner\"><\/div>\n\t\t<\/div>\n\t\t\t\t\t\t<\/div>\n\t\t\t\t<\/div>\n\t\t\t\t<div class=\"elementor-element elementor-element-rfaofga elementor-position-top elementor-widget elementor-widget-image-box\" data-id=\"rfaofga\" data-element_type=\"widget\" data-widget_type=\"image-box.default\">\n\t\t\t\t<div class=\"elementor-widget-container\">\n\t\t\t\t\t<div class=\"elementor-image-box-wrapper\"><figure class=\"elementor-image-box-img\"><a href=\"https:\/\/broise-art.fr\/journal\/wp-content\/uploads\/2017\/07\/filles-de-Loth-1-sur-3.jpg\" target=\"_blank\" tabindex=\"-1\"><img decoding=\"async\" width=\"681\" height=\"1000\" src=\"https:\/\/broise-art.fr\/journal\/wp-content\/uploads\/2017\/07\/filles-de-Loth-1-sur-3.jpg\" class=\"attachment-full size-full wp-image-820\" alt=\"Les filles de Loth. Tirage Fine Art original de l&#039;artiste Christian Broise\" srcset=\"https:\/\/broise-art.fr\/journal\/wp-content\/uploads\/2017\/07\/filles-de-Loth-1-sur-3.jpg 681w, https:\/\/broise-art.fr\/journal\/wp-content\/uploads\/2017\/07\/filles-de-Loth-1-sur-3-204x300.jpg 204w\" sizes=\"(max-width: 681px) 100vw, 681px\" \/><\/a><\/figure><div class=\"elementor-image-box-content\"><h3 class=\"elementor-image-box-title\"><a href=\"https:\/\/broise-art.fr\/journal\/wp-content\/uploads\/2017\/07\/filles-de-Loth-1-sur-3.jpg\" target=\"_blank\">Les filles de Loth 3<\/a><\/h3><p class=\"elementor-image-box-description\">Tirage pigmentaire<\/p><\/div><\/div>\t\t\t\t<\/div>\n\t\t\t\t<\/div>\n\t\t\t\t<div class=\"elementor-element elementor-element-xe4r93l elementor-position-top elementor-widget elementor-widget-image-box\" data-id=\"xe4r93l\" data-element_type=\"widget\" data-widget_type=\"image-box.default\">\n\t\t\t\t<div class=\"elementor-widget-container\">\n\t\t\t\t\t<div class=\"elementor-image-box-wrapper\"><figure class=\"elementor-image-box-img\"><a href=\"https:\/\/broise-art.fr\/journal\/wp-content\/uploads\/2017\/07\/objet.png\" target=\"_blank\" tabindex=\"-1\"><img loading=\"lazy\" decoding=\"async\" width=\"1000\" height=\"668\" src=\"https:\/\/broise-art.fr\/journal\/wp-content\/uploads\/2017\/07\/objet.png\" class=\"attachment-full size-full wp-image-532\" alt=\"Epreuves pigmentaires de Christian Broise\" srcset=\"https:\/\/broise-art.fr\/journal\/wp-content\/uploads\/2017\/07\/objet.png 1000w, https:\/\/broise-art.fr\/journal\/wp-content\/uploads\/2017\/07\/objet-300x200.png 300w, https:\/\/broise-art.fr\/journal\/wp-content\/uploads\/2017\/07\/objet-768x513.png 768w, https:\/\/broise-art.fr\/journal\/wp-content\/uploads\/2017\/07\/objet-624x417.png 624w\" sizes=\"(max-width: 1000px) 100vw, 1000px\" \/><\/a><\/figure><div class=\"elementor-image-box-content\"><h3 class=\"elementor-image-box-title\"><a href=\"https:\/\/broise-art.fr\/journal\/wp-content\/uploads\/2017\/07\/objet.png\" target=\"_blank\">Les filles de Loth 4<\/a><\/h3><p class=\"elementor-image-box-description\">Technique mixte: bois flott\u00e9 et tirage pigmentaire, 29X29 cm. <\/p><\/div><\/div>\t\t\t\t<\/div>\n\t\t\t\t<\/div>\n\t\t\t\t\t<\/div>\n\t\t<\/div>\n\t\t\t\t\t<\/div>\n\t\t<\/section>\n\t\t\t\t<section class=\"elementor-section elementor-top-section elementor-element elementor-element-m04tn79 elementor-section-full_width elementor-section-height-default elementor-section-height-default\" data-id=\"m04tn79\" data-element_type=\"section\">\n\t\t\t\t\t\t<div class=\"elementor-container elementor-column-gap-default\">\n\t\t\t\t\t<div class=\"elementor-column elementor-col-100 elementor-top-column elementor-element elementor-element-3rs4pmm\" data-id=\"3rs4pmm\" data-element_type=\"column\">\n\t\t\t<div class=\"elementor-widget-wrap elementor-element-populated\">\n\t\t\t\t\t\t<div class=\"elementor-element elementor-element-snn1cqj elementor-position-top elementor-widget elementor-widget-image-box\" data-id=\"snn1cqj\" data-element_type=\"widget\" data-widget_type=\"image-box.default\">\n\t\t\t\t<div class=\"elementor-widget-container\">\n\t\t\t\t\t<div class=\"elementor-image-box-wrapper\"><figure class=\"elementor-image-box-img\"><img loading=\"lazy\" decoding=\"async\" width=\"283\" height=\"400\" src=\"https:\/\/broise-art.fr\/journal\/wp-content\/uploads\/2017\/07\/Loth-et-ses-filles.jpg\" class=\"attachment-full size-full wp-image-822\" alt=\"Loth et ses filles. Anonyme du 17\u00b0 si\u00e8cle, parfois attribu\u00e9 \u00e0 Lukas Van Weyden\" srcset=\"https:\/\/broise-art.fr\/journal\/wp-content\/uploads\/2017\/07\/Loth-et-ses-filles.jpg 283w, https:\/\/broise-art.fr\/journal\/wp-content\/uploads\/2017\/07\/Loth-et-ses-filles-212x300.jpg 212w\" sizes=\"(max-width: 283px) 100vw, 283px\" \/><\/figure><div class=\"elementor-image-box-content\"><h3 class=\"elementor-image-box-title\">Les filles de Loth: Anonyme<\/h3><p class=\"elementor-image-box-description\">Actif \u00e0 Leyde ou \u00e0 Anvers vers 1525-1530.<\/p><\/div><\/div>\t\t\t\t<\/div>\n\t\t\t\t<\/div>\n\t\t\t\t<div class=\"elementor-element elementor-element-0aw2vj2 elementor-widget elementor-widget-spacer\" data-id=\"0aw2vj2\" data-element_type=\"widget\" data-widget_type=\"spacer.default\">\n\t\t\t\t<div class=\"elementor-widget-container\">\n\t\t\t\t\t\t\t<div class=\"elementor-spacer\">\n\t\t\t<div class=\"elementor-spacer-inner\"><\/div>\n\t\t<\/div>\n\t\t\t\t\t\t<\/div>\n\t\t\t\t<\/div>\n\t\t\t\t<div class=\"elementor-element elementor-element-ec16e81 elementor-widget elementor-widget-text-editor\" data-id=\"ec16e81\" data-element_type=\"widget\" data-widget_type=\"text-editor.default\">\n\t\t\t\t<div class=\"elementor-widget-container\">\n\t\t\t\t\t\t\t\t\t<p style=\"text-align: center;\"><a href=\"http:\/\/cartelfr.louvre.fr\/cartelfr\/visite?srv=sal_frame&amp;idSalle=408&amp;langue=fr\" target=\"_blank\" rel=\"noopener\">Mus\u00e9e du Louvre<\/a><\/p>\t\t\t\t\t\t\t\t<\/div>\n\t\t\t\t<\/div>\n\t\t\t\t<div class=\"elementor-element elementor-element-9ce5ac6 elementor-widget elementor-widget-text-editor\" data-id=\"9ce5ac6\" data-element_type=\"widget\" data-widget_type=\"text-editor.default\">\n\t\t\t\t<div class=\"elementor-widget-container\">\n\t\t\t\t\t\t\t\t\t<p style=\"text-align: center;\"><span class=\"maintext\">G\u00e9n\u00e8se 19<\/span><\/p><p>30 Loth monta de \u00c7oar pour loger \u00e0 la montagne, et ses deux filles l&rsquo;accompagnaient. Il craignait en effet d&rsquo;habiter \u00c7oar et il logea dans une caverne, lui et ses deux filles.<\/p><p>31 L&rsquo;a\u00een\u00e9e dit \u00e0 la cadette : \u00ab Notre p\u00e8re est vieux et il n&rsquo;y a pas d&rsquo;homme dans le pays pour venir \u00e0 nous selon la coutume du pays tout entier.<\/p><p>32 Allons ! Faisons boire du vin \u00e0 notre p\u00e8re et nous coucherons avec lui pour donner vie \u00e0 une descendance issue de notre p\u00e8re. \u00bb<\/p><p>33 Elles firent boire du vin \u00e0 leur p\u00e8re cette nuit-l\u00e0, et l&rsquo;a\u00een\u00e9e vint coucher avec son p\u00e8re qui n&rsquo;eut conscience ni de son coucher ni de son lever.<\/p><p>34 Or, le lendemain, l&rsquo;a\u00een\u00e9e dit \u00e0 la cadette : \u00ab Vois ! J&rsquo;ai couch\u00e9 la nuit derni\u00e8re avec mon p\u00e8re. Faisons-lui boire du vin cette nuit encore, et tu iras coucher avec lui. Nous aurons donn\u00e9 vie \u00e0 une descendance issue de lui. \u00bb<\/p><p>35 Cette nuit encore, elles firent boire du vin \u00e0 leur p\u00e8re. La cadette alla coucher avec lui ; il n&rsquo;eut conscience ni de son coucher ni de son lever.<\/p><p>36 Les deux filles de Loth devinrent enceintes de leur p\u00e8re.<\/p><p>37 L&rsquo;a\u00een\u00e9e donna naissance \u00e0 un fils qu&rsquo;elle appela Moab ; c&rsquo;est le p\u00e8re des Moabites d&rsquo;aujourd&rsquo;hui.<\/p><p>38 La cadette, elle aussi, donna naissance \u00e0 un fils qu&rsquo;elle appela Ben-Ammi ; c&rsquo;est le p\u00e8re des fils d&rsquo;Ammon d&rsquo;aujourd&rsquo;hui.<\/p><p>La Bible, TOB, Soci\u00e9t\u00e9 Biblique Fran\u00e7aise et Edition du CERF, Paris (1975)<\/p>\t\t\t\t\t\t\t\t<\/div>\n\t\t\t\t<\/div>\n\t\t\t\t\t<\/div>\n\t\t<\/div>\n\t\t\t\t\t<\/div>\n\t\t<\/section>\n\t\t\t\t<\/div>\n\t\t","protected":false},"excerpt":{"rendered":"<p>Les filles de Loth 1 Les filles de Loth, tirage pigmentaire Il y a encore une id\u00e9e sur le Devenir que les divers d\u00e9tails du paysage et la fa\u00e7on dont ils sont peints, dont leurs plans s&rsquo;annihilent ou se recomposent, nous introduisent dans l&rsquo;esprit comme absolument une musique le ferait. Antonin Artaud Les filles de [&hellip;]<\/p>\n","protected":false},"author":1,"featured_media":0,"parent":4617,"menu_order":0,"comment_status":"closed","ping_status":"closed","template":"","meta":{"_seopress_robots_primary_cat":"","_seopress_titles_title":"Les filles de Loth. Oeuvre originale:tirage Fine Art de Christian Broise","_seopress_titles_desc":"Impression pigmentaire sur le th\u00e8me \u00ab\u00a0les filles de Loth\u00a0\u00bb par l&#039;artiste Christian Broise. L\u2019\u0153uvre est le r\u00e9sultat d&#039;un travail bas\u00e9 sur l&#039;exploitation du mat\u00e9riau photographique. Le tirage est effectu\u00e9 par l&#039;artiste et donne lieu \u00e0 une s\u00e9rie de 7 exemplaires maximum (tous formats confondus), certifi\u00e9s et sign\u00e9s.","_seopress_robots_index":"","footnotes":""},"class_list":["post-819","page","type-page","status-publish","hentry","entry"],"_links":{"self":[{"href":"https:\/\/broise-art.fr\/journal\/wp-json\/wp\/v2\/pages\/819","targetHints":{"allow":["GET"]}}],"collection":[{"href":"https:\/\/broise-art.fr\/journal\/wp-json\/wp\/v2\/pages"}],"about":[{"href":"https:\/\/broise-art.fr\/journal\/wp-json\/wp\/v2\/types\/page"}],"author":[{"embeddable":true,"href":"https:\/\/broise-art.fr\/journal\/wp-json\/wp\/v2\/users\/1"}],"replies":[{"embeddable":true,"href":"https:\/\/broise-art.fr\/journal\/wp-json\/wp\/v2\/comments?post=819"}],"version-history":[{"count":33,"href":"https:\/\/broise-art.fr\/journal\/wp-json\/wp\/v2\/pages\/819\/revisions"}],"predecessor-version":[{"id":6570,"href":"https:\/\/broise-art.fr\/journal\/wp-json\/wp\/v2\/pages\/819\/revisions\/6570"}],"up":[{"embeddable":true,"href":"https:\/\/broise-art.fr\/journal\/wp-json\/wp\/v2\/pages\/4617"}],"wp:attachment":[{"href":"https:\/\/broise-art.fr\/journal\/wp-json\/wp\/v2\/media?parent=819"}],"curies":[{"name":"wp","href":"https:\/\/api.w.org\/{rel}","templated":true}]}}