{"id":786,"date":"2017-07-19T08:30:16","date_gmt":"2017-07-19T08:30:16","guid":{"rendered":"http:\/\/broise-art.fr\/journal\/?page_id=786"},"modified":"2023-02-03T17:45:28","modified_gmt":"2023-02-03T17:45:28","slug":"salome-2","status":"publish","type":"page","link":"https:\/\/broise-art.fr\/journal\/metamorphoses\/salome-2\/","title":{"rendered":"Salom\u00e9 II"},"content":{"rendered":"\t\t<div data-elementor-type=\"wp-post\" data-elementor-id=\"786\" class=\"elementor elementor-786\" data-elementor-post-type=\"page\">\n\t\t\t\t\t\t<section class=\"elementor-section elementor-top-section elementor-element elementor-element-edhkthf elementor-section-full_width elementor-section-height-default elementor-section-height-default\" data-id=\"edhkthf\" data-element_type=\"section\">\n\t\t\t\t\t\t<div class=\"elementor-container elementor-column-gap-default\">\n\t\t\t\t\t<div class=\"elementor-column elementor-col-100 elementor-top-column elementor-element elementor-element-jrmwuji\" data-id=\"jrmwuji\" data-element_type=\"column\">\n\t\t\t<div class=\"elementor-widget-wrap elementor-element-populated\">\n\t\t\t\t\t\t<div class=\"elementor-element elementor-element-qfyrolz elementor-position-top elementor-widget elementor-widget-image-box\" data-id=\"qfyrolz\" data-element_type=\"widget\" data-widget_type=\"image-box.default\">\n\t\t\t\t<div class=\"elementor-widget-container\">\n\t\t\t\t\t<div class=\"elementor-image-box-wrapper\"><figure class=\"elementor-image-box-img\"><a href=\"https:\/\/broise-art.fr\/journal\/wp-content\/uploads\/2017\/07\/Salom\u00e9-1-2.jpg\" target=\"_blank\" tabindex=\"-1\"><img fetchpriority=\"high\" decoding=\"async\" width=\"669\" height=\"1000\" src=\"https:\/\/broise-art.fr\/journal\/wp-content\/uploads\/2017\/07\/Salom\u00e9-1-2.jpg\" class=\"attachment-full size-full wp-image-788\" alt=\"Salom\u00e9. Oeuvre originale\u00a0: tirage Fine Art de l&#039;artiste Christian Broise\" srcset=\"https:\/\/broise-art.fr\/journal\/wp-content\/uploads\/2017\/07\/Salom\u00e9-1-2.jpg 669w, https:\/\/broise-art.fr\/journal\/wp-content\/uploads\/2017\/07\/Salom\u00e9-1-2-201x300.jpg 201w\" sizes=\"(max-width: 669px) 100vw, 669px\" \/><\/a><\/figure><div class=\"elementor-image-box-content\"><h3 class=\"elementor-image-box-title\"><a href=\"https:\/\/broise-art.fr\/journal\/wp-content\/uploads\/2017\/07\/Salom\u00e9-1-2.jpg\" target=\"_blank\">Salom\u00e9 4<\/a><\/h3><p class=\"elementor-image-box-description\">Salom\u00e9, impression pigmentaire<\/p><\/div><\/div>\t\t\t\t<\/div>\n\t\t\t\t<\/div>\n\t\t\t\t\t<\/div>\n\t\t<\/div>\n\t\t\t\t\t<\/div>\n\t\t<\/section>\n\t\t\t\t<section class=\"elementor-section elementor-top-section elementor-element elementor-element-cvgivnc elementor-section-full_width elementor-section-height-default elementor-section-height-default\" data-id=\"cvgivnc\" data-element_type=\"section\">\n\t\t\t\t\t\t<div class=\"elementor-container elementor-column-gap-default\">\n\t\t\t\t\t<div class=\"elementor-column elementor-col-100 elementor-top-column elementor-element elementor-element-xvufeob\" data-id=\"xvufeob\" data-element_type=\"column\">\n\t\t\t<div class=\"elementor-widget-wrap elementor-element-populated\">\n\t\t\t\t\t\t<div class=\"elementor-element elementor-element-ykoqsnn elementor-widget elementor-widget-spacer\" data-id=\"ykoqsnn\" data-element_type=\"widget\" data-widget_type=\"spacer.default\">\n\t\t\t\t<div class=\"elementor-widget-container\">\n\t\t\t\t\t\t\t<div class=\"elementor-spacer\">\n\t\t\t<div class=\"elementor-spacer-inner\"><\/div>\n\t\t<\/div>\n\t\t\t\t\t\t<\/div>\n\t\t\t\t<\/div>\n\t\t\t\t<div class=\"elementor-element elementor-element-rfaofga elementor-position-top elementor-widget elementor-widget-image-box\" data-id=\"rfaofga\" data-element_type=\"widget\" data-widget_type=\"image-box.default\">\n\t\t\t\t<div class=\"elementor-widget-container\">\n\t\t\t\t\t<div class=\"elementor-image-box-wrapper\"><figure class=\"elementor-image-box-img\"><a href=\"https:\/\/broise-art.fr\/journal\/wp-content\/uploads\/2017\/07\/Salom\u00e9-1.jpg\" target=\"_blank\" tabindex=\"-1\"><img decoding=\"async\" width=\"669\" height=\"1000\" src=\"https:\/\/broise-art.fr\/journal\/wp-content\/uploads\/2017\/07\/Salom\u00e9-1.jpg\" class=\"attachment-full size-full wp-image-787\" alt=\"Salom\u00e9. Oeuvre originale\u00a0: tirage Fine Art de l&#039;artiste Christian Broise\" srcset=\"https:\/\/broise-art.fr\/journal\/wp-content\/uploads\/2017\/07\/Salom\u00e9-1.jpg 669w, https:\/\/broise-art.fr\/journal\/wp-content\/uploads\/2017\/07\/Salom\u00e9-1-201x300.jpg 201w\" sizes=\"(max-width: 669px) 100vw, 669px\" \/><\/a><\/figure><div class=\"elementor-image-box-content\"><h3 class=\"elementor-image-box-title\"><a href=\"https:\/\/broise-art.fr\/journal\/wp-content\/uploads\/2017\/07\/Salom\u00e9-1.jpg\" target=\"_blank\">Salom\u00e9 5<\/a><\/h3><p class=\"elementor-image-box-description\">Tirage pigmentaire<\/p><\/div><\/div>\t\t\t\t<\/div>\n\t\t\t\t<\/div>\n\t\t\t\t\t<\/div>\n\t\t<\/div>\n\t\t\t\t\t<\/div>\n\t\t<\/section>\n\t\t\t\t<section class=\"elementor-section elementor-top-section elementor-element elementor-element-iskgsqm elementor-section-height-min-height elementor-section-content-middle elementor-section-boxed elementor-section-height-default elementor-section-items-middle\" data-id=\"iskgsqm\" data-element_type=\"section\">\n\t\t\t\t\t\t<div class=\"elementor-container elementor-column-gap-default\">\n\t\t\t\t\t<div class=\"elementor-column elementor-col-100 elementor-top-column elementor-element elementor-element-ghminhu\" data-id=\"ghminhu\" data-element_type=\"column\">\n\t\t\t<div class=\"elementor-widget-wrap elementor-element-populated\">\n\t\t\t\t\t\t<div class=\"elementor-element elementor-element-mmmyjnc elementor-widget elementor-widget-text-editor\" data-id=\"mmmyjnc\" data-element_type=\"widget\" data-widget_type=\"text-editor.default\">\n\t\t\t\t<div class=\"elementor-widget-container\">\n\t\t\t\t\t\t\t\t\t<p>\u00ab\u00a0Seul l&rsquo;art d\u00e9voile, mais il ne d\u00e9voile jamais que l&rsquo;\u00e9paisseur infinie du vrai.\u00a0\u00bb<\/p><p style=\"text-align: left;\">Jean-Claude Lemagny , L&rsquo;ombre et le temps, essais sur la photographie comme art. Essais et recherches, Nathan, 1992.<\/p>\t\t\t\t\t\t\t\t<\/div>\n\t\t\t\t<\/div>\n\t\t\t\t<div class=\"elementor-element elementor-element-liglr3x elementor-widget elementor-widget-spacer\" data-id=\"liglr3x\" data-element_type=\"widget\" data-widget_type=\"spacer.default\">\n\t\t\t\t<div class=\"elementor-widget-container\">\n\t\t\t\t\t\t\t<div class=\"elementor-spacer\">\n\t\t\t<div class=\"elementor-spacer-inner\"><\/div>\n\t\t<\/div>\n\t\t\t\t\t\t<\/div>\n\t\t\t\t<\/div>\n\t\t\t\t<div class=\"elementor-element elementor-element-vo48row elementor-widget elementor-widget-video\" data-id=\"vo48row\" data-element_type=\"widget\" data-settings=\"{&quot;youtube_url&quot;:&quot;https:\\\/\\\/www.youtube.com\\\/watch?v=FNRf8EjIP-g&quot;,&quot;video_type&quot;:&quot;youtube&quot;,&quot;controls&quot;:&quot;yes&quot;}\" data-widget_type=\"video.default\">\n\t\t\t\t<div class=\"elementor-widget-container\">\n\t\t\t\t\t\t\t<div class=\"elementor-wrapper elementor-open-inline\">\n\t\t\t<div class=\"elementor-video\"><\/div>\t\t<\/div>\n\t\t\t\t\t\t<\/div>\n\t\t\t\t<\/div>\n\t\t\t\t<div class=\"elementor-element elementor-element-db59b03 elementor-widget elementor-widget-text-editor\" data-id=\"db59b03\" data-element_type=\"widget\" data-widget_type=\"text-editor.default\">\n\t\t\t\t<div class=\"elementor-widget-container\">\n\t\t\t\t\t\t\t\t\t<h3 style=\"text-align: center;\"><em>Salom\u00e9<\/em>\u00a0par\u00a0Stephen Pier et Danseurs de la Martha Graham Company<\/h3><p>Cette danse\u00a0<em>Salom\u00e9<\/em>\u00a0(musique de David Rosenmann-Taub), chor\u00e9graphi\u00e9e par Stephen Pier, directeur de la Dance Division \u00e0 The Hartt School se trouve sur le site de la <a href=\"https:\/\/davidrosenmanntaub-music.com\/fr\/videos\/\" target=\"_blank\" rel=\"noopener\">Corda-Foundation<\/a>. La danseuse est Katherine Crockett de la Martha Graham Company.<\/p>\t\t\t\t\t\t\t\t<\/div>\n\t\t\t\t<\/div>\n\t\t\t\t\t<\/div>\n\t\t<\/div>\n\t\t\t\t\t<\/div>\n\t\t<\/section>\n\t\t\t\t<\/div>\n\t\t","protected":false},"excerpt":{"rendered":"<p>Salom\u00e9 4 Salom\u00e9, impression pigmentaire Salom\u00e9 5 Tirage pigmentaire \u00ab\u00a0Seul l&rsquo;art d\u00e9voile, mais il ne d\u00e9voile jamais que l&rsquo;\u00e9paisseur infinie du vrai.\u00a0\u00bb Jean-Claude Lemagny , L&rsquo;ombre et le temps, essais sur la photographie comme art. Essais et recherches, Nathan, 1992. https:\/\/www.youtube.com\/watch?v=FNRf8EjIP-g Salom\u00e9\u00a0par\u00a0Stephen Pier et Danseurs de la Martha Graham Company Cette danse\u00a0Salom\u00e9\u00a0(musique de David Rosenmann-Taub), [&hellip;]<\/p>\n","protected":false},"author":1,"featured_media":0,"parent":4612,"menu_order":0,"comment_status":"closed","ping_status":"closed","template":"","meta":{"_seopress_robots_primary_cat":"","_seopress_titles_title":"Salom\u00e9. Tirage Fine Art original de l&#039;artiste Christian Broise","_seopress_titles_desc":"Impression pigmentaire sur le th\u00e8me &quot; Salom\u00e9 &quot; par l&#039;artiste Christian Broise. Travail bas\u00e9 sur l&#039;exploitation du mat\u00e9riau photographique. Le tirage est effectu\u00e9 par l&#039;artiste lui-m\u00eame et donne lieu \u00e0 une s\u00e9rie de 7 exemplaires maximum (tous formats confondus), certifi\u00e9s et sign\u00e9s.","_seopress_robots_index":"","footnotes":""},"class_list":["post-786","page","type-page","status-publish","hentry","entry"],"_links":{"self":[{"href":"https:\/\/broise-art.fr\/journal\/wp-json\/wp\/v2\/pages\/786","targetHints":{"allow":["GET"]}}],"collection":[{"href":"https:\/\/broise-art.fr\/journal\/wp-json\/wp\/v2\/pages"}],"about":[{"href":"https:\/\/broise-art.fr\/journal\/wp-json\/wp\/v2\/types\/page"}],"author":[{"embeddable":true,"href":"https:\/\/broise-art.fr\/journal\/wp-json\/wp\/v2\/users\/1"}],"replies":[{"embeddable":true,"href":"https:\/\/broise-art.fr\/journal\/wp-json\/wp\/v2\/comments?post=786"}],"version-history":[{"count":25,"href":"https:\/\/broise-art.fr\/journal\/wp-json\/wp\/v2\/pages\/786\/revisions"}],"predecessor-version":[{"id":6668,"href":"https:\/\/broise-art.fr\/journal\/wp-json\/wp\/v2\/pages\/786\/revisions\/6668"}],"up":[{"embeddable":true,"href":"https:\/\/broise-art.fr\/journal\/wp-json\/wp\/v2\/pages\/4612"}],"wp:attachment":[{"href":"https:\/\/broise-art.fr\/journal\/wp-json\/wp\/v2\/media?parent=786"}],"curies":[{"name":"wp","href":"https:\/\/api.w.org\/{rel}","templated":true}]}}