{"id":641,"date":"2017-07-15T15:55:00","date_gmt":"2017-07-15T15:55:00","guid":{"rendered":"http:\/\/broise-art.fr\/journal\/?page_id=641"},"modified":"2023-02-04T11:02:57","modified_gmt":"2023-02-04T11:02:57","slug":"demarche-artistique-christian-broise","status":"publish","type":"page","link":"https:\/\/broise-art.fr\/journal\/demarche-artistique-christian-broise\/","title":{"rendered":"D\u00e9marche"},"content":{"rendered":"\t\t<div data-elementor-type=\"wp-post\" data-elementor-id=\"641\" class=\"elementor elementor-641\" data-elementor-post-type=\"page\">\n\t\t\t\t\t\t<section class=\"elementor-section elementor-top-section elementor-element elementor-element-9r7venz elementor-section-boxed elementor-section-height-default elementor-section-height-default\" data-id=\"9r7venz\" data-element_type=\"section\">\n\t\t\t\t\t\t<div class=\"elementor-container elementor-column-gap-default\">\n\t\t\t\t\t<div class=\"elementor-column elementor-col-100 elementor-top-column elementor-element elementor-element-xrd5357\" data-id=\"xrd5357\" data-element_type=\"column\">\n\t\t\t<div class=\"elementor-widget-wrap elementor-element-populated\">\n\t\t\t\t\t\t<div class=\"elementor-element elementor-element-supurh4 elementor-widget elementor-widget-text-editor\" data-id=\"supurh4\" data-element_type=\"widget\" data-widget_type=\"text-editor.default\">\n\t\t\t\t<div class=\"elementor-widget-container\">\n\t\t\t\t\t\t\t\t\t<p style=\"text-align: left;\"><strong>A propos du mat\u00e9riau photographique<\/strong><\/p><p style=\"text-align: left;\">Le travail ici repr\u00e9sent\u00e9 n\u2019est pas un travail de photographe, mais un travail sur le mat\u00e9riau photographique. Au m\u00eame titre que la couleur que le peintre broie, fait broyer ou ach\u00e8te en tube, que la terre que le sculpteur mod\u00e8le, que la pierre ou le bois que d\u2019autres taillent, que les mots qu\u2019assemble l\u2019\u00e9crivain, les clich\u00e9s photographiques ne sont ici qu\u2019une mati\u00e8re propos\u00e9e \u00e0 la mise en forme du travail cr\u00e9ateur.<\/p><p style=\"text-align: left;\">Certes, la prise de vue constitue bien d\u00e9j\u00e0 une mise en forme. Elle m\u2019a cependant toujours paru insuffisante pour se constituer en un v\u00e9ritable discours. Peut-\u00eatre \u00e0 cause de cette difficult\u00e9 qu\u2019a la photographie \u00e0 \u00e9chapper \u00e0 son pouvoir indiciel, a donc syst\u00e9matiquement ramener le propos vers la monstration, le reportage, le t\u00e9moignage, le symbolique. Difficile me semble-t-il en effet d\u2019\u00e9chapper \u00e0 ce sentiment devant une photographie que le sens lui demeure indissolublement ext\u00e9rieur : dans l\u2019objet de la r\u00e9alit\u00e9 qui est figur\u00e9, dans la situation r\u00e9elle qu\u2019\u00e9voque l\u2019objet repr\u00e9sent\u00e9, dans la signification symbolique de l\u2019objet observ\u00e9, davantage que dans l\u2019\u0153uvre que je contemple, comme si elle n\u2019\u00e9tait l\u00e0 que comme le t\u00e9moin d\u2019autre chose situ\u00e9 dans un autre monde.<\/p><p style=\"text-align: left;\">Renoncer \u00e0 la photographie, subordonner la prise de vue \u00e0 une composition \u00e0 venir, travailler sur la mati\u00e8re du clich\u00e9 photographique, cela permet-il de ramener le sens sur le papier\u00a0? Je le pense. A condition cependant de ne pas perdre de vue la nature m\u00eame du photographique. En effet, m\u00eame retravaill\u00e9e au point de perdre une plus ou moins grande partie de sa liaison directe avec les objets du monde, et perdre en \u00ab\u00a0reconnaissabilit\u00e9\u00bb, elle reste impr\u00e9gn\u00e9e \u00a0par le lien particulier qu\u2019elle entretient avec des objets dont l\u2019image aura \u00e9t\u00e9 au final toujours enregistr\u00e9e \u00e0 partir du monde que j\u2019ai sous les yeux, ce que certains nomment le monde r\u00e9el.<\/p><p style=\"text-align: left;\">C\u2019est chose de troublant \u00e0 travailler cette p\u00e2te-l\u00e0. C\u2019est\u00a0comme si on essayait d\u2019arracher \u00e0\u00a0l\u2019eau\u00a0du monde, des clich\u00e9s, comme des bois flott\u00e9s\u00a0, qui une fois assembl\u00e9s, retravaill\u00e9s et \u00e9rig\u00e9s, diront la berge, la terre enfin \u00e9merg\u00e9e, sur laquelle on peut reprendre pied, installer un langage.<\/p><p style=\"text-align: left;\">Alors, le clich\u00e9 photographique &#8230; une ic\u00f4ne, une image, un symbole ?\u00a0Disons plut\u00f4t qu\u2019il n\u2019est que le n\u00e9gatif , la pierre lithographique, la plaque de cuivre, la soie d\u2019une \u0153uvre \u00e0 venir.<\/p><p style=\"text-align: left;\">Broise<\/p><hr \/><p>\u00a0<\/p><p style=\"text-align: center;\">Lire \u00e9galement l&rsquo;excellent <a href=\"http:\/\/fabienclaude.com\/photographies\/\" target=\"_blank\" rel=\"noopener\">texte de Fabien Claude<\/a><\/p><p style=\"text-align: left;\">\u00a0<\/p><hr \/>\t\t\t\t\t\t\t\t<\/div>\n\t\t\t\t<\/div>\n\t\t\t\t\t<\/div>\n\t\t<\/div>\n\t\t\t\t\t<\/div>\n\t\t<\/section>\n\t\t\t\t<\/div>\n\t\t","protected":false},"excerpt":{"rendered":"<p>A propos du mat\u00e9riau photographique Le travail ici repr\u00e9sent\u00e9 n\u2019est pas un travail de photographe, mais un travail sur le mat\u00e9riau photographique. Au m\u00eame titre que la couleur que le peintre broie, fait broyer ou ach\u00e8te en tube, que la terre que le sculpteur mod\u00e8le, que la pierre ou le bois que d\u2019autres taillent, que [&hellip;]<\/p>\n","protected":false},"author":1,"featured_media":0,"parent":0,"menu_order":0,"comment_status":"closed","ping_status":"closed","template":"","meta":{"_seopress_robots_primary_cat":"","_seopress_titles_title":"Page du site de Christian Broise pr\u00e9sentant la d\u00e9marche de l'artiste","_seopress_titles_desc":"","_seopress_robots_index":"","footnotes":""},"class_list":["post-641","page","type-page","status-publish","hentry","entry"],"_links":{"self":[{"href":"https:\/\/broise-art.fr\/journal\/wp-json\/wp\/v2\/pages\/641","targetHints":{"allow":["GET"]}}],"collection":[{"href":"https:\/\/broise-art.fr\/journal\/wp-json\/wp\/v2\/pages"}],"about":[{"href":"https:\/\/broise-art.fr\/journal\/wp-json\/wp\/v2\/types\/page"}],"author":[{"embeddable":true,"href":"https:\/\/broise-art.fr\/journal\/wp-json\/wp\/v2\/users\/1"}],"replies":[{"embeddable":true,"href":"https:\/\/broise-art.fr\/journal\/wp-json\/wp\/v2\/comments?post=641"}],"version-history":[{"count":21,"href":"https:\/\/broise-art.fr\/journal\/wp-json\/wp\/v2\/pages\/641\/revisions"}],"predecessor-version":[{"id":6713,"href":"https:\/\/broise-art.fr\/journal\/wp-json\/wp\/v2\/pages\/641\/revisions\/6713"}],"wp:attachment":[{"href":"https:\/\/broise-art.fr\/journal\/wp-json\/wp\/v2\/media?parent=641"}],"curies":[{"name":"wp","href":"https:\/\/api.w.org\/{rel}","templated":true}]}}